{"id":23,"date":"2021-01-26T14:20:32","date_gmt":"2021-01-26T14:20:32","guid":{"rendered":"https:\/\/stilladser.dk\/index.php\/mesmerize\/"},"modified":"2023-11-14T08:05:54","modified_gmt":"2023-11-14T08:05:54","slug":"mesmerize","status":"publish","type":"page","link":"https:\/\/stilladser.dk\/","title":{"rendered":"MARS Stilladser A\/S"},"content":{"rendered":"<div  data-label=\"Overlappable\" data-id=\"overlappable--1\" data-export-id=\"overlappable-4-mc\" data-category=\"overlappable\" class=\"overlappable-4-mc content-section content-section-spacing content-relative\" data-overlap=\"true\" id=\"overlappable-1\" style=\"background-color: rgb(255, 255, 255);\" data-section-ov=\"1\"><div  class=\"gridContainer\"> <div  data-type=\"row\" class=\"row spaced-cols text-center center-sm content-center-sm\"><div  class=\"col-xs-12 col-sm-4 col-padding\">  <div  data-type=\"column\" class=\"\">  <a data-cp-link=\"1\" href=\"https:\/\/stilladser.dk\/index.php\/mesmerize\/stilladstyper\" class=\"\" target=\"_blank\" rel=\"noopener\"><img  decoding=\"async\" class=\"custom-image\" src=\"https:\/\/stilladser.dk\/wp-content\/uploads\/2023\/10\/cropped-cropped-1-1.png\" title=\"STILLADSTYPER-11\" alt=\"\"><\/a><p  class=\"\"><span  style=\"font-weight: 400; color: rgb(0, 0, 0);\">MARS Stilladser A\/S er leveringsdygtige indenfor alle omr\u00e5der for stilladsarbejde. Sm\u00e5t eller stort, s\u00e5 har vi l\u00f8sningen til dit projekt.<\/span><span  id=\"_mce_caret\" data-mce-bogus=\"1\" data-mce-type=\"format-caret\"><span  style=\"color: rgb(3, 169, 244);\"><a data-mce-href=\"index.php\/mesmerize\/stilladstyper\" href=\"https:\/\/stilladser.dk\/index.php\/mesmerize\/stilladstyper\" target=\"_self\" data-mce-selected=\"inline-boundary\" data-cp-link=\"1\" rel=\"noopener\"><span  style=\"font-weight: 400;\">Klik h\ufeffer og l\u00e6s mere om de forskellige stilladstyper!<\/span><\/a><\/span><\/span><\/p><\/div> <\/div> <div  class=\"col-xs-12 col-sm-4 col-padding\">  <div  data-type=\"column\" class=\"\"><a data-cp-link=\"1\" href=\"https:\/\/stilladser.dk\/index.php\/mesmerize\/om-os\" class=\"\" target=\"_blank\" rel=\"noopener\"><img  decoding=\"async\" class=\"custom-image\" src=\"https:\/\/stilladser.dk\/wp-content\/uploads\/2023\/10\/cropped-3-1-1.png\" title=\"STILLADSTYPER-9\" alt=\"\"><\/a> <p  class=\"\" style=\"text-align: center;\"><span  style=\"font-weight: 400; color: rgb(0, 0, 0);\">Med t\u00e6t p\u00e5 100 \u00e5r i branchen har vi erhvervet os en bred og dybdeg\u00e5ende kompetence indenfor alle stilladsfeltets omr\u00e5der.\r\n<\/span><span  id=\"_mce_caret\" data-mce-bogus=\"1\" data-mce-type=\"format-caret\"><span  style=\"font-weight: 400; color: rgb(0, 0, 0);\">\ufeff<\/span><\/span><span  id=\"_mce_caret\" data-mce-bogus=\"1\" data-mce-type=\"format-caret\"><span  style=\"color: rgb(0, 0, 0); font-weight: 400;\">\ufeff\r\n<\/span><\/span><span  style=\"color: rgb(3, 169, 244);\"><a data-mce-href=\"wp-content\/uploads\/2023\/10\/cropped-3-1-1.png\" href=\"wp-content\/uploads\/2023\/10\/cropped-3-1-1.png\" target=\"_self\" data-mce-selected=\"inline-boundary\" data-cp-link=\"1\" rel=\"noopener\" class=\"\">Klik her og l\u00e6s mere om vores vision og historie!<\/a><\/span><\/p><\/div> <\/div> <div  class=\"col-xs-12 col-sm-4 col-padding\">  <div  data-type=\"column\" class=\"\"><a data-cp-link=\"1\" href=\"https:\/\/stilladser.dk\/index.php\/mesmerize\/karriere\" class=\"\" target=\"_blank\" rel=\"noopener\"><img  decoding=\"async\" class=\"custom-image\" src=\"https:\/\/stilladser.dk\/wp-content\/uploads\/2023\/10\/cropped-2-e1698131771262.png\" title=\"STILLADSTYPER-10\" alt=\"\"><\/a> <p  class=\"\"><span  style=\"color: rgb(0, 0, 0);\">Vi er altid p\u00e5 udkig efter nye kollegaer. Vi ans\u00e6tter gerne b\u00e5de uddannede mont\u00f8rere og mulige stilladselever med interesse i faget og god arbejdsmorale.<\/span><br ><span  style=\"color: rgb(3, 169, 244);\"><a data-mce-href=\"index.php\/mesmerize\/karriere\" href=\"https:\/\/stilladser.dk\/index.php\/mesmerize\/karriere\" target=\"_self\" data-mce-selected=\"inline-boundary\" data-cp-link=\"1\" rel=\"noopener\">Klik her og l\u00e6s mere om vores karrieremuligheder!<\/a><\/span><\/p><\/div> <\/div><\/div> <\/div><div  class=\"section-separator-bottom\">\r\n    <svg  xmlns=\"http:\/\/www.w3.org\/2000\/svg\" viewBox=\"0 0 2600 131.1\" preserveAspectRatio=\"none\" data-separator-name=\"opacity-tilt\" class=\"section-separator-top section-separator-bottom\">\r\n\t<path  class=\"svg-white-bg\" d=\"M0 0L2600 0 2600 69.1 0 0z\"><\/path>\r\n\t<path  class=\"svg-white-bg\" style=\"opacity: 0.5;\" d=\"M0 0L2600 0 2600 69.1 0 69.1z\"><\/path>\r\n\t<path  class=\"svg-white-bg\" style=\"opacity: 0.25;\" d=\"M2600 0L0 0 0 130.1 2600 69.1z\"><\/path>\r\n<\/svg>\r\n<\/div><\/div><div  data-label=\"Portfolio\" data-id=\"portfolio--1\" data-export-id=\"portfolio-5-mc\" data-category=\"portfolio\" class=\"portfolio-5-mc content-section content-section-spacing section-title-col-white-text bg-color1 content-relative\" id=\"portfolio-1\" style=\"background-image: none; background-color: rgb(255, 255, 255);\"><div  class=\"section-separator-top\">\r\n    <svg  xmlns=\"http:\/\/www.w3.org\/2000\/svg\" viewBox=\"0 0 1000 100\" preserveAspectRatio=\"none\" data-separator-name=\"triangle-asymmetrical\" class=\"section-separator-top\">\r\n\t<path  class=\"svg-white-bg\" d=\"M738,99l262-93V0H0v5.6L738,99z\"><\/path>\r\n<\/svg>\r\n<\/div><div  class=\"gridContainer\"> <div  class=\"row text-center\"><div  class=\"section-title-col\" data-type=\"column\">  <h2  class=\"\"><span  style=\"color: rgb(1, 34, 119); font-weight: 700;\">CASES<\/span><span  id=\"_mce_caret\" data-mce-bogus=\"1\" data-mce-type=\"format-caret\"><span  style=\"color: rgb(1, 34, 119); font-weight: 700;\">\ufeff<\/span><\/span><\/h2> <p  class=\"lead\"><span  style=\"color: rgb(0, 0, 0); font-weight: 400;\">Hos MARS Stilladser A\/S har vi gennem tiden udf\u00f8rt mange sp\u00e6ndende og varierende stilladsopgaver. Om det er allround stillads, overd\u00e6kninger eller specialopgaver, s\u00e5 kan vi klare det langt det meste! Herunder ses et udpluk af de stilladscases vi tidligere har l\u00f8st. S\u00e5 mangler du et stillads til dit n\u00e6ste projekt, s\u00e5 har vi helt sikkert den helt rigtige l\u00f8sning.<\/span><\/p><\/div> <\/div> <div  class=\"row space-bottom spaced-cols\" data-type=\"row\"> <div  class=\"col-xs-12 col-sm-4 text-center\"> <div  class=\"card no-padding bordered\"> <div  data-hover-fx=\"portfolio-6\" class=\"contentswap-effect contentswap-overlay\" style=\"float: none; margin: 0; width: 100%;\"> <div  class=\"initial-image\" style=\"float: none; margin: 0;\"> <img  decoding=\"async\" data-size=\"500x333\" src=\"https:\/\/stilladser.dk\/wp-content\/uploads\/2023\/10\/cropped-cropped-cropped-cropped-IMG_9607-scaled-2-2.jpeg\"><\/div> <div  class=\"overlay bg-color12\" style=\"display: block; transition: opacity 800ms ease 0s; -webkit-transition-timing-function: ease; -moz-transition-timing-function: ease; -o-transition-timing-function: ease; transition-timing-function: ease;\"><\/div> <div  class=\"swap-inner col-xs-12\" style=\"display: block; transition: all 800ms ease 0s; background-color: rgba(0,0,0,0); margin-top: 0;\"> <div  class=\"row full-height-row middle-xs middle-sm\"> <div  class=\"col-xs-12 text-center content-holder\"> <a class=\"button small color7 white-text\" href=\"#\" target=\"_self\" data-cp-link=\"1\" data-icon=\"\" rel=\"noopener\">Mere info kommer senere<\/a><\/div> <\/div><\/div> <\/div> <div  class=\"col-xs-12\"> <div  class=\"space-bottom space-top\" data-type=\"column\"> <h5  class=\"\"><span  style=\"color: rgb(23, 46, 103);\">MUSIKHUSET<\/span>\r\n<br ><span  style=\"color: rgb(23, 46, 103);\">AARHUS C<\/span><\/h5> <p  class=\"small italic\"><span  style=\"color: rgb(251, 251, 251);\">Ved denne opgave\u2026<\/span><\/p><\/div> <\/div><\/div> <\/div> <div  class=\"col-xs-12 col-sm-4 text-center\"> <div  class=\"card no-padding bordered\"> <div  data-hover-fx=\"portfolio-6\" class=\"contentswap-effect contentswap-overlay\" style=\"float: none; margin: 0; width: 100%;\"> <div  class=\"initial-image\" style=\"float: none; margin: 0;\"> <img  decoding=\"async\" data-size=\"500x333\" src=\"https:\/\/stilladser.dk\/wp-content\/uploads\/2023\/10\/cropped-cropped-cropped-IMG_7431-rotated-2.jpg\"><\/div> <div  class=\"overlay bg-color12\" style=\"display: block; transition: opacity 800ms ease 0s; -webkit-transition-timing-function: ease; -moz-transition-timing-function: ease; -o-transition-timing-function: ease; transition-timing-function: ease;\"><\/div> <div  class=\"swap-inner col-xs-12\" style=\"display: block; transition: all 800ms ease 0s; background-color: rgba(0,0,0,0); margin-top: 0;\"> <div  class=\"row full-height-row middle-xs middle-sm\"> <div  class=\"col-xs-12 text-center content-holder\"> <a class=\"button small color7 white-text\" href=\"#\" target=\"_self\" data-cp-link=\"1\" data-icon=\"\" rel=\"noopener\">Mere info kommer senere<\/a><\/div> <\/div><\/div> <\/div> <div  class=\"col-xs-12\"> <div  class=\"space-bottom space-top\" data-type=\"column\"> <h5  class=\"\"><span  style=\"color: rgb(23, 46, 103);\">UNITY \/ LA TOUR<\/span>\r\n<br ><span  style=\"color: rgb(23, 46, 103);\">AARHUS N<\/span><\/h5> <p  class=\"small italic\"><span  style=\"color: rgb(251, 251, 251);\">Her udf\u00f8rte vi\u2026<\/span><\/p><\/div> <\/div><\/div> <\/div> <div  class=\"col-xs-12 col-sm-4 text-center\"> <div  class=\"card no-padding bordered\"> <div  data-hover-fx=\"portfolio-6\" class=\"contentswap-effect contentswap-overlay\" style=\"float: none; margin: 0; width: 100%;\"> <div  class=\"initial-image\" style=\"float: none; margin: 0;\"> <img  decoding=\"async\" data-size=\"500x333\" src=\"https:\/\/stilladser.dk\/wp-content\/uploads\/2023\/10\/cropped-cropped-cropped-cropped-ac2acbde-e3dc-4794-a832-a2ca69741da6-1.jpg\"><\/div> <div  class=\"overlay bg-color12\" style=\"display: block; transition: opacity 800ms ease 0s; -webkit-transition-timing-function: ease; -moz-transition-timing-function: ease; -o-transition-timing-function: ease; transition-timing-function: ease;\"><\/div> <div  class=\"swap-inner col-xs-12\" style=\"display: block; transition: all 800ms ease 0s; background-color: rgba(0,0,0,0); margin-top: 0;\"> <div  class=\"row full-height-row middle-xs middle-sm\"> <div  class=\"col-xs-12 text-center content-holder\"> <a class=\"button small color7 white-text\" href=\"#\" target=\"_self\" data-cp-link=\"1\" data-icon=\"\" rel=\"noopener\">Mere info kommer senere<\/a><\/div> <\/div><\/div> <\/div> <div  class=\"col-xs-12\"> <div  class=\"space-bottom space-top\" data-type=\"column\"> <h5  class=\"\"><span  style=\"color: rgb(23, 46, 103);\">KAMPERNILEN\r\n<br >AARHUS \u00d8<\/span><\/h5> <p  class=\"small italic\"><span  style=\"color: rgb(251, 251, 251);\">Tilbage i \u00e5r 2022\u2026<\/span><\/p><\/div> <\/div><\/div> <\/div><\/div> <div  class=\"row\"><div  data-type=\"column\" class=\"col-xs-12 text-center\"> <\/div> <\/div><\/div> <\/div><div  data-label=\"Cta\" data-id=\"cta--1\" data-export-id=\"cta-centered-section-grid\" data-category=\"cta\" class=\"cta-centered-section-grid content-section content-section-spacing-medium bg-color1 white-text content-relative\" id=\"cta-1\" style=\"background-image: none; background-color: rgb(251, 251, 251);\"><div  class=\"gridContainer\"> <div  class=\"row text-center\"><div  class=\"col-xs-12 col-sm-10 col-sm-offset-1 col-md-8 col-md-offset-2\" data-type=\"column\">  <p  class=\"\"><span  style=\"font-weight: 700; color: rgb(23, 46, 103);\">S\u00d8GER DU MANDSKABSVOGNE, TOILETTER M.M. BES\u00d8G <a data-mce-href=\"https:\/\/eventsupply.as\" href=\"https:\/\/eventsupply.as\" target=\"_blank\" rel=\"noopener\" data-mce-selected=\"inline-boundary\" data-cp-link=\"1\">MARS EVENTSUPPLY A\/S<\/a>. HOS DEM KAN DU LEJE MANDSKABSVOGNE, HEGN, MOBILE TOILETTER OG MEGET MERE!&nbsp;<\/span><\/p><a data-cp-link=\"1\" href=\"https:\/\/eventsupply.as\" class=\"\" target=\"_blank\" rel=\"noopener\"><img  decoding=\"async\" class=\"custom-image\" src=\"https:\/\/stilladser.dk\/wp-content\/uploads\/2023\/10\/cropped-Design-uden-navn-25.png\" title=\"Mars Eventsupply Logo uden baggrund\" alt=\"\"><\/a> <\/div> <\/div><\/div> <\/div>","protected":false},"excerpt":{"rendered":"<p>MARS Stilladser A\/S er leveringsdygtige indenfor alle omr\u00e5der for stilladsarbejde. Sm\u00e5t eller stort, s\u00e5 har vi l\u00f8sningen til dit projekt.Klik h\ufeffer og l\u00e6s mere om de forskellige stilladstyper! Med t\u00e6t p\u00e5 100 \u00e5r i branchen har vi erhvervet os en bred og dybdeg\u00e5ende kompetence indenfor alle stilladsfeltets omr\u00e5der. \ufeff\ufeff Klik her og l\u00e6s mere om&hellip; <br \/> <a class=\"read-more\" href=\"https:\/\/stilladser.dk\/\">L\u00e6s mere<\/a><\/p>\n","protected":false},"author":1,"featured_media":0,"parent":0,"menu_order":1,"comment_status":"closed","ping_status":"closed","template":"","meta":{"footnotes":""},"class_list":["post-23","page","type-page","status-publish","hentry"],"yoast_head":"<!-- This site is optimized with the Yoast SEO plugin v26.8 - https:\/\/yoast.com\/product\/yoast-seo-wordpress\/ -->\n<title>MARS Stilladser A\/S - MARS Stilladser A\/S<\/title>\n<meta name=\"description\" content=\"MARS Stilladser A\/S er din p\u00e5lidelige Layher stilladspartner i Aarhus. Vi er med dig hele vejen igennem dit stilladsprojekt, hvor vi kombinerer vi h\u00f8j service og indfrielse af kundernes behov. Vores ekspertise g\u00f8r os samtidig til en af de mest konkurrencedygtige stilladsudbydere p\u00e5 markedet.\" \/>\n<meta name=\"robots\" content=\"index, follow, max-snippet:-1, max-image-preview:large, max-video-preview:-1\" \/>\n<link rel=\"canonical\" href=\"https:\/\/stilladser.dk\/\" \/>\n<meta property=\"og:locale\" content=\"da_DK\" \/>\n<meta property=\"og:type\" content=\"article\" \/>\n<meta property=\"og:title\" content=\"MARS Stilladser A\/S - MARS Stilladser A\/S\" \/>\n<meta property=\"og:description\" content=\"MARS Stilladser A\/S er din p\u00e5lidelige Layher stilladspartner i Aarhus. Vi er med dig hele vejen igennem dit stilladsprojekt, hvor vi kombinerer vi h\u00f8j service og indfrielse af kundernes behov. Vores ekspertise g\u00f8r os samtidig til en af de mest konkurrencedygtige stilladsudbydere p\u00e5 markedet.\" \/>\n<meta property=\"og:url\" content=\"https:\/\/stilladser.dk\/\" \/>\n<meta property=\"og:site_name\" content=\"MARS Stilladser A\/S\" \/>\n<meta property=\"article:modified_time\" content=\"2023-11-14T08:05:54+00:00\" \/>\n<meta property=\"og:image\" content=\"https:\/\/stilladser.dk\/wp-content\/uploads\/2023\/10\/cropped-cropped-1-1.png\" \/>\n<meta name=\"twitter:card\" content=\"summary_large_image\" \/>\n<meta name=\"twitter:label1\" content=\"Estimeret l\u00e6setid\" \/>\n\t<meta name=\"twitter:data1\" content=\"3 minutter\" \/>\n<script type=\"application\/ld+json\" class=\"yoast-schema-graph\">{\"@context\":\"https:\/\/schema.org\",\"@graph\":[{\"@type\":\"WebPage\",\"@id\":\"https:\/\/stilladser.dk\/\",\"url\":\"https:\/\/stilladser.dk\/\",\"name\":\"MARS Stilladser A\/S - MARS Stilladser A\/S\",\"isPartOf\":{\"@id\":\"https:\/\/stilladser.dk\/#website\"},\"primaryImageOfPage\":{\"@id\":\"https:\/\/stilladser.dk\/#primaryimage\"},\"image\":{\"@id\":\"https:\/\/stilladser.dk\/#primaryimage\"},\"thumbnailUrl\":\"https:\/\/stilladser.dk\/wp-content\/uploads\/2023\/10\/cropped-cropped-1-1.png\",\"datePublished\":\"2021-01-26T14:20:32+00:00\",\"dateModified\":\"2023-11-14T08:05:54+00:00\",\"description\":\"MARS Stilladser A\/S er din p\u00e5lidelige Layher stilladspartner i Aarhus. Vi er med dig hele vejen igennem dit stilladsprojekt, hvor vi kombinerer vi h\u00f8j service og indfrielse af kundernes behov. Vores ekspertise g\u00f8r os samtidig til en af de mest konkurrencedygtige stilladsudbydere p\u00e5 markedet.\",\"breadcrumb\":{\"@id\":\"https:\/\/stilladser.dk\/#breadcrumb\"},\"inLanguage\":\"da-DK\",\"potentialAction\":[{\"@type\":\"ReadAction\",\"target\":[\"https:\/\/stilladser.dk\/\"]}]},{\"@type\":\"ImageObject\",\"inLanguage\":\"da-DK\",\"@id\":\"https:\/\/stilladser.dk\/#primaryimage\",\"url\":\"https:\/\/stilladser.dk\/wp-content\/uploads\/2023\/10\/cropped-cropped-1-1.png\",\"contentUrl\":\"https:\/\/stilladser.dk\/wp-content\/uploads\/2023\/10\/cropped-cropped-1-1.png\",\"width\":150,\"height\":150},{\"@type\":\"BreadcrumbList\",\"@id\":\"https:\/\/stilladser.dk\/#breadcrumb\",\"itemListElement\":[{\"@type\":\"ListItem\",\"position\":1,\"name\":\"Home\",\"item\":\"https:\/\/stilladser.dk\/\"},{\"@type\":\"ListItem\",\"position\":2,\"name\":\"MARS Stilladser A\/S\"}]},{\"@type\":\"WebSite\",\"@id\":\"https:\/\/stilladser.dk\/#website\",\"url\":\"https:\/\/stilladser.dk\/\",\"name\":\"MARS Stilladser A\/S\",\"description\":\"Vi har gennem tiden udf\u00f8rt mange sp\u00e6ndende og varierende stilladsopgaver. Om det er allround stillads, overd\u00e6kninger eller specialopgaver, s\u00e5 kan vi klare det langt det meste! Herunder ses et udpluk af de stilladscases vi tidligere har l\u00f8st. S\u00e5 st\u00e5r I og mangler et stillads til jeres n\u00e6ste projekt, s\u00e5 har vi helt sikkert den helt rigtige l\u00f8sning til jer.\",\"publisher\":{\"@id\":\"https:\/\/stilladser.dk\/#organization\"},\"potentialAction\":[{\"@type\":\"SearchAction\",\"target\":{\"@type\":\"EntryPoint\",\"urlTemplate\":\"https:\/\/stilladser.dk\/?s={search_term_string}\"},\"query-input\":{\"@type\":\"PropertyValueSpecification\",\"valueRequired\":true,\"valueName\":\"search_term_string\"}}],\"inLanguage\":\"da-DK\"},{\"@type\":\"Organization\",\"@id\":\"https:\/\/stilladser.dk\/#organization\",\"name\":\"MARS Stilladser A\/S\",\"url\":\"https:\/\/stilladser.dk\/\",\"logo\":{\"@type\":\"ImageObject\",\"inLanguage\":\"da-DK\",\"@id\":\"https:\/\/stilladser.dk\/#\/schema\/logo\/image\/\",\"url\":\"https:\/\/stilladser.dk\/wp-content\/uploads\/2023\/10\/Mars_Stillads_logo-kopi-5.gif\",\"contentUrl\":\"https:\/\/stilladser.dk\/wp-content\/uploads\/2023\/10\/Mars_Stillads_logo-kopi-5.gif\",\"width\":150,\"height\":42,\"caption\":\"MARS Stilladser A\/S\"},\"image\":{\"@id\":\"https:\/\/stilladser.dk\/#\/schema\/logo\/image\/\"}}]}<\/script>\n<!-- \/ Yoast SEO plugin. -->","yoast_head_json":{"title":"MARS Stilladser A\/S - MARS Stilladser A\/S","description":"MARS Stilladser A\/S er din p\u00e5lidelige Layher stilladspartner i Aarhus. Vi er med dig hele vejen igennem dit stilladsprojekt, hvor vi kombinerer vi h\u00f8j service og indfrielse af kundernes behov. Vores ekspertise g\u00f8r os samtidig til en af de mest konkurrencedygtige stilladsudbydere p\u00e5 markedet.","robots":{"index":"index","follow":"follow","max-snippet":"max-snippet:-1","max-image-preview":"max-image-preview:large","max-video-preview":"max-video-preview:-1"},"canonical":"https:\/\/stilladser.dk\/","og_locale":"da_DK","og_type":"article","og_title":"MARS Stilladser A\/S - MARS Stilladser A\/S","og_description":"MARS Stilladser A\/S er din p\u00e5lidelige Layher stilladspartner i Aarhus. Vi er med dig hele vejen igennem dit stilladsprojekt, hvor vi kombinerer vi h\u00f8j service og indfrielse af kundernes behov. Vores ekspertise g\u00f8r os samtidig til en af de mest konkurrencedygtige stilladsudbydere p\u00e5 markedet.","og_url":"https:\/\/stilladser.dk\/","og_site_name":"MARS Stilladser A\/S","article_modified_time":"2023-11-14T08:05:54+00:00","og_image":[{"url":"https:\/\/stilladser.dk\/wp-content\/uploads\/2023\/10\/cropped-cropped-1-1.png","type":"","width":"","height":""}],"twitter_card":"summary_large_image","twitter_misc":{"Estimeret l\u00e6setid":"3 minutter"},"schema":{"@context":"https:\/\/schema.org","@graph":[{"@type":"WebPage","@id":"https:\/\/stilladser.dk\/","url":"https:\/\/stilladser.dk\/","name":"MARS Stilladser A\/S - MARS Stilladser A\/S","isPartOf":{"@id":"https:\/\/stilladser.dk\/#website"},"primaryImageOfPage":{"@id":"https:\/\/stilladser.dk\/#primaryimage"},"image":{"@id":"https:\/\/stilladser.dk\/#primaryimage"},"thumbnailUrl":"https:\/\/stilladser.dk\/wp-content\/uploads\/2023\/10\/cropped-cropped-1-1.png","datePublished":"2021-01-26T14:20:32+00:00","dateModified":"2023-11-14T08:05:54+00:00","description":"MARS Stilladser A\/S er din p\u00e5lidelige Layher stilladspartner i Aarhus. Vi er med dig hele vejen igennem dit stilladsprojekt, hvor vi kombinerer vi h\u00f8j service og indfrielse af kundernes behov. Vores ekspertise g\u00f8r os samtidig til en af de mest konkurrencedygtige stilladsudbydere p\u00e5 markedet.","breadcrumb":{"@id":"https:\/\/stilladser.dk\/#breadcrumb"},"inLanguage":"da-DK","potentialAction":[{"@type":"ReadAction","target":["https:\/\/stilladser.dk\/"]}]},{"@type":"ImageObject","inLanguage":"da-DK","@id":"https:\/\/stilladser.dk\/#primaryimage","url":"https:\/\/stilladser.dk\/wp-content\/uploads\/2023\/10\/cropped-cropped-1-1.png","contentUrl":"https:\/\/stilladser.dk\/wp-content\/uploads\/2023\/10\/cropped-cropped-1-1.png","width":150,"height":150},{"@type":"BreadcrumbList","@id":"https:\/\/stilladser.dk\/#breadcrumb","itemListElement":[{"@type":"ListItem","position":1,"name":"Home","item":"https:\/\/stilladser.dk\/"},{"@type":"ListItem","position":2,"name":"MARS Stilladser A\/S"}]},{"@type":"WebSite","@id":"https:\/\/stilladser.dk\/#website","url":"https:\/\/stilladser.dk\/","name":"MARS Stilladser A\/S","description":"Vi har gennem tiden udf\u00f8rt mange sp\u00e6ndende og varierende stilladsopgaver. Om det er allround stillads, overd\u00e6kninger eller specialopgaver, s\u00e5 kan vi klare det langt det meste! Herunder ses et udpluk af de stilladscases vi tidligere har l\u00f8st. S\u00e5 st\u00e5r I og mangler et stillads til jeres n\u00e6ste projekt, s\u00e5 har vi helt sikkert den helt rigtige l\u00f8sning til jer.","publisher":{"@id":"https:\/\/stilladser.dk\/#organization"},"potentialAction":[{"@type":"SearchAction","target":{"@type":"EntryPoint","urlTemplate":"https:\/\/stilladser.dk\/?s={search_term_string}"},"query-input":{"@type":"PropertyValueSpecification","valueRequired":true,"valueName":"search_term_string"}}],"inLanguage":"da-DK"},{"@type":"Organization","@id":"https:\/\/stilladser.dk\/#organization","name":"MARS Stilladser A\/S","url":"https:\/\/stilladser.dk\/","logo":{"@type":"ImageObject","inLanguage":"da-DK","@id":"https:\/\/stilladser.dk\/#\/schema\/logo\/image\/","url":"https:\/\/stilladser.dk\/wp-content\/uploads\/2023\/10\/Mars_Stillads_logo-kopi-5.gif","contentUrl":"https:\/\/stilladser.dk\/wp-content\/uploads\/2023\/10\/Mars_Stillads_logo-kopi-5.gif","width":150,"height":42,"caption":"MARS Stilladser A\/S"},"image":{"@id":"https:\/\/stilladser.dk\/#\/schema\/logo\/image\/"}}]}},"_links":{"self":[{"href":"https:\/\/stilladser.dk\/index.php\/wp-json\/wp\/v2\/pages\/23","targetHints":{"allow":["GET"]}}],"collection":[{"href":"https:\/\/stilladser.dk\/index.php\/wp-json\/wp\/v2\/pages"}],"about":[{"href":"https:\/\/stilladser.dk\/index.php\/wp-json\/wp\/v2\/types\/page"}],"author":[{"embeddable":true,"href":"https:\/\/stilladser.dk\/index.php\/wp-json\/wp\/v2\/users\/1"}],"replies":[{"embeddable":true,"href":"https:\/\/stilladser.dk\/index.php\/wp-json\/wp\/v2\/comments?post=23"}],"version-history":[{"count":32,"href":"https:\/\/stilladser.dk\/index.php\/wp-json\/wp\/v2\/pages\/23\/revisions"}],"predecessor-version":[{"id":1078,"href":"https:\/\/stilladser.dk\/index.php\/wp-json\/wp\/v2\/pages\/23\/revisions\/1078"}],"wp:attachment":[{"href":"https:\/\/stilladser.dk\/index.php\/wp-json\/wp\/v2\/media?parent=23"}],"curies":[{"name":"wp","href":"https:\/\/api.w.org\/{rel}","templated":true}]}}