{"id":555,"date":"2023-10-20T07:55:32","date_gmt":"2023-10-20T07:55:32","guid":{"rendered":"https:\/\/stilladser.dk\/?page_id=555"},"modified":"2023-11-06T13:10:40","modified_gmt":"2023-11-06T13:10:40","slug":"rullestilladser","status":"publish","type":"page","link":"https:\/\/stilladser.dk\/index.php\/mesmerize\/stilladstyper\/rullestilladser\/","title":{"rendered":"RULLESTILLADSER"},"content":{"rendered":"<div  data-label=\"Features\" data-id=\"features--2\" data-export-id=\"features-12-card-bordered\" data-category=\"features\" class=\"features-12-card-bordered content-section content-section-spacing \" id=\"features-2\" style=\"background-color: rgb(245, 250, 253);\"><div  class=\"gridContainer\"> <div  class=\"row text-center\"><div  class=\"section-title-col\" data-type=\"column\"> <h2  class=\"\"><span  style=\"color: rgb(23, 46, 103); font-weight: 600;\">Alu rullestilladser til den mindre opgave<\/span><\/h2> <p  class=\"lead\"><span  style=\"color: rgb(0, 0, 0);\">Mangler du et stillads til et mindre montage- eller renoveringsprojekt, er et alu rullestillads m\u00e5ske den rigtige l\u00f8sning for dig. Stilladsets lette, men robuste, natur g\u00f8r det let at samle og flytte rundt under projektet. Dette giver en god fleksibilitet hvilket er ideelt til mange mindre bygge- og renoveringsopgaver. Vores rullestilladser kan bygges op i 12 meters h\u00f8jde har kan klare en belastning p\u00e5 2 kn\/m. Dette g\u00f8r dem optimale til f.eks. renovering af facader og vinduer, som kr\u00e6ver et sikkert underlag at arbejde p\u00e5 i de mindre h\u00f8jder. Skal du h\u00f8jere o end de 12 meter, skal du have fat i et <a data-mce-href=\"..\/let-facadestillads\/\" href=\"https:\/\/stilladser.dk\/index.php\/mesmerize\/stilladstyper\/let-facadestillads\" target=\"_self\" data-mce-selected=\"inline-boundary\" data-cp-link=\"1\" rel=\"noopener\">facadestillads<\/a>&nbsp;eller et <a data-mce-href=\"..\/alround-stillads\/\" href=\"https:\/\/stilladser.dk\/index.php\/mesmerize\/stilladstyper\/alround-stillads\" target=\"_self\" data-mce-selected=\"inline-boundary\" data-cp-link=\"1\" rel=\"noopener\">allround stillads<\/a>.<\/span><br ><span  style=\"color: rgb(0, 0, 0);\">\nDenne type stillads kan monteres med hjul, s\u00e5 det nemt kan flyttes rundt p\u00e5 byggepladsen, men kan ogs\u00e5 monteres med faste fodspindler. Dog betyder dette ikke at der g\u00e5es p\u00e5 kompromis med sikkerheden. Vores rullestilladser leveres nemlig efter alle krav med div. sikkerhedstilbeh\u00f8r som f.eks. gel\u00e6ndre og opgangsd\u00e6k. Er du i tvivl om hvordan du bedst f\u00e5r d\u00e6kket dit stilladsbehov, s\u00e5 giv os et endelig et <a data-mce-href=\"tel:%20004586136344\" href=\"tel:%20004586136344\" target=\"_self\" data-mce-selected=\"inline-boundary\" data-cp-link=\"1\" rel=\"noopener\">kald<\/a>. Du er ogs\u00e5 altid velkommen til at komme forbi vores kontor i Viby J til en snak om opgaven.<\/span><\/p><\/div> <\/div> <div  class=\"row spaced-cols\" data-type=\"row\"> <div  class=\"col-sm-6\"> <div  class=\"card row-card bordered y-move\"> <div  class=\"row\"> <div  class=\"col-sm-fit icon-column\"> <i  class=\"fa icon fa-info bordered round color7\"><\/i> <\/div> <div  class=\"col-sm\" data-type=\"column\"> <h5  class=\"color2\"><span  style=\"font-weight: 600; color: rgb(23, 46, 103);\">Dimmensioner og belastning<\/span><\/h5> <p  class=\"\"><span  style=\"color: rgb(60, 66, 79);\"><span  style=\"font-weight: 600;\">Bredde: <\/span>0,7 meter og 1,40 meter<\/span><br ><span  style=\"color: rgb(60, 66, 79);\">\n<span  style=\"font-weight: 600;\">L\u00e6ngde:<\/span> 2,0 meter og 2,5 meter<\/span><br ><span  style=\"color: rgb(60, 66, 79);\">\n<span  style=\"font-weight: 600;\">H\u00f8jde: <\/span>2,0 meter \u2013 12,0 meter<\/span><br ><span  style=\"color: rgb(60, 66, 79);\">\n<span  style=\"font-weight: 600;\">Belastning:<\/span> 2 kn\/m\n<\/span><br ><br ><span  style=\"color: rgb(60, 66, 79);\">\nKom forbi vores kontor i Viby, s\u00e5 r\u00e5dgiver vi gerne i hvordan du bygger et rullestillads der passer til lige netop dit behov.<\/span><br ><span  style=\"color: rgb(60, 66, 79);\">\nDu er selvf\u00f8lgelig ogs\u00e5 velkommen til at ringe herud p\u00e5 forh\u00e5nd med evt. sp\u00f8rgsm\u00e5l eller bestillinger af rullestillads.<\/span><\/p><\/div> <\/div><\/div> <\/div> <div  class=\"col-sm-6\"> <div  class=\"card row-card bordered y-move\"> <div  class=\"row\"> <div  class=\"col-sm-fit icon-column\"> <i  class=\"fa icon fa-handshake-o bordered round color7\"><\/i> <\/div> <div  class=\"col-sm\" data-type=\"column\"> <h5  class=\"color2\"><span  style=\"font-weight: 600; color: rgb(23, 46, 103);\">Brug for r\u00e5dgivning?<\/span><\/h5> <p  class=\"\"><span  style=\"color: rgb(60, 66, 79);\">Har du flere sp\u00f8rgsm\u00e5l til stilladstypen og om den kunne v\u00e6re den rigtige l\u00f8sning til dit projekt, s\u00e5 r\u00e6k endelig ud til os. Som din p\u00e5lidelige Layher partner i Aarhus r\u00e5dgiver vi dig gerne hele vejen igennem projektet og s\u00f8rger fo rat b\u00e5de kvaliteten og sikkerheden er i top.<\/span><br ><span  style=\"color: rgb(60, 66, 79);\">\nDu kan finde vores kontaktinformationer og \u00e5bningstider under kontakt.\n<\/span><br ><br ><span  style=\"color: rgb(60, 66, 79);\">\nVi ser frem til at hj\u00e6lpe dig godt p\u00e5 vej!<\/span><\/p><\/div> <\/div><\/div> <\/div>  <\/div> <\/div><\/div>","protected":false},"excerpt":{"rendered":"<p>Alu rullestilladser til den mindre opgave Mangler du et stillads til et mindre montage- eller renoveringsprojekt, er et alu rullestillads m\u00e5ske den rigtige l\u00f8sning for dig. Stilladsets lette, men robuste, natur g\u00f8r det let at samle og flytte rundt under projektet. Dette giver en god fleksibilitet hvilket er ideelt til mange mindre bygge- og renoveringsopgaver.&hellip; <br \/> <a class=\"read-more\" href=\"https:\/\/stilladser.dk\/index.php\/mesmerize\/stilladstyper\/rullestilladser\/\">L\u00e6s mere<\/a><\/p>\n","protected":false},"author":1,"featured_media":911,"parent":125,"menu_order":4,"comment_status":"closed","ping_status":"closed","template":"pro\/page-templates\/full-width-page.php","meta":{"footnotes":""},"class_list":["post-555","page","type-page","status-publish","has-post-thumbnail","hentry"],"yoast_head":"<!-- This site is optimized with the Yoast SEO plugin v26.8 - https:\/\/yoast.com\/product\/yoast-seo-wordpress\/ -->\n<title>RULLESTILLADSER - MARS Stilladser A\/S<\/title>\n<meta name=\"description\" content=\"Har du behov for et en stillads til et mindre montage- eller renoveringsprojekt, s\u00e5 er vores alu rullestilladser m\u00e5ske det rigtige for dig.\" \/>\n<meta name=\"robots\" content=\"index, follow, max-snippet:-1, max-image-preview:large, max-video-preview:-1\" \/>\n<link rel=\"canonical\" href=\"https:\/\/stilladser.dk\/index.php\/mesmerize\/stilladstyper\/rullestilladser\/\" \/>\n<meta property=\"og:locale\" content=\"da_DK\" \/>\n<meta property=\"og:type\" content=\"article\" \/>\n<meta property=\"og:title\" content=\"RULLESTILLADSER - MARS Stilladser A\/S\" \/>\n<meta property=\"og:description\" content=\"Har du behov for et en stillads til et mindre montage- eller renoveringsprojekt, s\u00e5 er vores alu rullestilladser m\u00e5ske det rigtige for dig.\" \/>\n<meta property=\"og:url\" content=\"https:\/\/stilladser.dk\/index.php\/mesmerize\/stilladstyper\/rullestilladser\/\" \/>\n<meta property=\"og:site_name\" content=\"MARS Stilladser A\/S\" \/>\n<meta property=\"article:modified_time\" content=\"2023-11-06T13:10:40+00:00\" \/>\n<meta property=\"og:image\" content=\"https:\/\/stilladser.dk\/wp-content\/uploads\/2023\/10\/31898c4e-9a60-40ae-b560-ea902902e7c6-e1698406616259.png\" \/>\n\t<meta property=\"og:image:width\" content=\"617\" \/>\n\t<meta property=\"og:image:height\" content=\"354\" \/>\n\t<meta property=\"og:image:type\" content=\"image\/png\" \/>\n<meta name=\"twitter:card\" content=\"summary_large_image\" \/>\n<meta name=\"twitter:label1\" content=\"Estimeret l\u00e6setid\" \/>\n\t<meta name=\"twitter:data1\" content=\"2 minutter\" \/>\n<script type=\"application\/ld+json\" class=\"yoast-schema-graph\">{\"@context\":\"https:\/\/schema.org\",\"@graph\":[{\"@type\":\"WebPage\",\"@id\":\"https:\/\/stilladser.dk\/index.php\/mesmerize\/stilladstyper\/rullestilladser\/\",\"url\":\"https:\/\/stilladser.dk\/index.php\/mesmerize\/stilladstyper\/rullestilladser\/\",\"name\":\"RULLESTILLADSER - MARS Stilladser A\/S\",\"isPartOf\":{\"@id\":\"https:\/\/stilladser.dk\/#website\"},\"primaryImageOfPage\":{\"@id\":\"https:\/\/stilladser.dk\/index.php\/mesmerize\/stilladstyper\/rullestilladser\/#primaryimage\"},\"image\":{\"@id\":\"https:\/\/stilladser.dk\/index.php\/mesmerize\/stilladstyper\/rullestilladser\/#primaryimage\"},\"thumbnailUrl\":\"https:\/\/stilladser.dk\/wp-content\/uploads\/2023\/10\/31898c4e-9a60-40ae-b560-ea902902e7c6-e1698406616259.png\",\"datePublished\":\"2023-10-20T07:55:32+00:00\",\"dateModified\":\"2023-11-06T13:10:40+00:00\",\"description\":\"Har du behov for et en stillads til et mindre montage- eller renoveringsprojekt, s\u00e5 er vores alu rullestilladser m\u00e5ske det rigtige for dig.\",\"breadcrumb\":{\"@id\":\"https:\/\/stilladser.dk\/index.php\/mesmerize\/stilladstyper\/rullestilladser\/#breadcrumb\"},\"inLanguage\":\"da-DK\",\"potentialAction\":[{\"@type\":\"ReadAction\",\"target\":[\"https:\/\/stilladser.dk\/index.php\/mesmerize\/stilladstyper\/rullestilladser\/\"]}]},{\"@type\":\"ImageObject\",\"inLanguage\":\"da-DK\",\"@id\":\"https:\/\/stilladser.dk\/index.php\/mesmerize\/stilladstyper\/rullestilladser\/#primaryimage\",\"url\":\"https:\/\/stilladser.dk\/wp-content\/uploads\/2023\/10\/31898c4e-9a60-40ae-b560-ea902902e7c6-e1698406616259.png\",\"contentUrl\":\"https:\/\/stilladser.dk\/wp-content\/uploads\/2023\/10\/31898c4e-9a60-40ae-b560-ea902902e7c6-e1698406616259.png\",\"width\":617,\"height\":354},{\"@type\":\"BreadcrumbList\",\"@id\":\"https:\/\/stilladser.dk\/index.php\/mesmerize\/stilladstyper\/rullestilladser\/#breadcrumb\",\"itemListElement\":[{\"@type\":\"ListItem\",\"position\":1,\"name\":\"Home\",\"item\":\"https:\/\/stilladser.dk\/\"},{\"@type\":\"ListItem\",\"position\":2,\"name\":\"MARS Stilladser A\/S\",\"item\":\"https:\/\/stilladser.dk\/\"},{\"@type\":\"ListItem\",\"position\":3,\"name\":\"STILLADSTYPER\",\"item\":\"https:\/\/stilladser.dk\/index.php\/mesmerize\/stilladstyper\/\"},{\"@type\":\"ListItem\",\"position\":4,\"name\":\"RULLESTILLADSER\"}]},{\"@type\":\"WebSite\",\"@id\":\"https:\/\/stilladser.dk\/#website\",\"url\":\"https:\/\/stilladser.dk\/\",\"name\":\"MARS Stilladser A\/S\",\"description\":\"Vi har gennem tiden udf\u00f8rt mange sp\u00e6ndende og varierende stilladsopgaver. Om det er allround stillads, overd\u00e6kninger eller specialopgaver, s\u00e5 kan vi klare det langt det meste! Herunder ses et udpluk af de stilladscases vi tidligere har l\u00f8st. S\u00e5 st\u00e5r I og mangler et stillads til jeres n\u00e6ste projekt, s\u00e5 har vi helt sikkert den helt rigtige l\u00f8sning til jer.\",\"publisher\":{\"@id\":\"https:\/\/stilladser.dk\/#organization\"},\"potentialAction\":[{\"@type\":\"SearchAction\",\"target\":{\"@type\":\"EntryPoint\",\"urlTemplate\":\"https:\/\/stilladser.dk\/?s={search_term_string}\"},\"query-input\":{\"@type\":\"PropertyValueSpecification\",\"valueRequired\":true,\"valueName\":\"search_term_string\"}}],\"inLanguage\":\"da-DK\"},{\"@type\":\"Organization\",\"@id\":\"https:\/\/stilladser.dk\/#organization\",\"name\":\"MARS Stilladser A\/S\",\"url\":\"https:\/\/stilladser.dk\/\",\"logo\":{\"@type\":\"ImageObject\",\"inLanguage\":\"da-DK\",\"@id\":\"https:\/\/stilladser.dk\/#\/schema\/logo\/image\/\",\"url\":\"https:\/\/stilladser.dk\/wp-content\/uploads\/2023\/10\/Mars_Stillads_logo-kopi-5.gif\",\"contentUrl\":\"https:\/\/stilladser.dk\/wp-content\/uploads\/2023\/10\/Mars_Stillads_logo-kopi-5.gif\",\"width\":150,\"height\":42,\"caption\":\"MARS Stilladser A\/S\"},\"image\":{\"@id\":\"https:\/\/stilladser.dk\/#\/schema\/logo\/image\/\"}}]}<\/script>\n<!-- \/ Yoast SEO plugin. -->","yoast_head_json":{"title":"RULLESTILLADSER - MARS Stilladser A\/S","description":"Har du behov for et en stillads til et mindre montage- eller renoveringsprojekt, s\u00e5 er vores alu rullestilladser m\u00e5ske det rigtige for dig.","robots":{"index":"index","follow":"follow","max-snippet":"max-snippet:-1","max-image-preview":"max-image-preview:large","max-video-preview":"max-video-preview:-1"},"canonical":"https:\/\/stilladser.dk\/index.php\/mesmerize\/stilladstyper\/rullestilladser\/","og_locale":"da_DK","og_type":"article","og_title":"RULLESTILLADSER - MARS Stilladser A\/S","og_description":"Har du behov for et en stillads til et mindre montage- eller renoveringsprojekt, s\u00e5 er vores alu rullestilladser m\u00e5ske det rigtige for dig.","og_url":"https:\/\/stilladser.dk\/index.php\/mesmerize\/stilladstyper\/rullestilladser\/","og_site_name":"MARS Stilladser A\/S","article_modified_time":"2023-11-06T13:10:40+00:00","og_image":[{"width":617,"height":354,"url":"https:\/\/stilladser.dk\/wp-content\/uploads\/2023\/10\/31898c4e-9a60-40ae-b560-ea902902e7c6-e1698406616259.png","type":"image\/png"}],"twitter_card":"summary_large_image","twitter_misc":{"Estimeret l\u00e6setid":"2 minutter"},"schema":{"@context":"https:\/\/schema.org","@graph":[{"@type":"WebPage","@id":"https:\/\/stilladser.dk\/index.php\/mesmerize\/stilladstyper\/rullestilladser\/","url":"https:\/\/stilladser.dk\/index.php\/mesmerize\/stilladstyper\/rullestilladser\/","name":"RULLESTILLADSER - MARS Stilladser A\/S","isPartOf":{"@id":"https:\/\/stilladser.dk\/#website"},"primaryImageOfPage":{"@id":"https:\/\/stilladser.dk\/index.php\/mesmerize\/stilladstyper\/rullestilladser\/#primaryimage"},"image":{"@id":"https:\/\/stilladser.dk\/index.php\/mesmerize\/stilladstyper\/rullestilladser\/#primaryimage"},"thumbnailUrl":"https:\/\/stilladser.dk\/wp-content\/uploads\/2023\/10\/31898c4e-9a60-40ae-b560-ea902902e7c6-e1698406616259.png","datePublished":"2023-10-20T07:55:32+00:00","dateModified":"2023-11-06T13:10:40+00:00","description":"Har du behov for et en stillads til et mindre montage- eller renoveringsprojekt, s\u00e5 er vores alu rullestilladser m\u00e5ske det rigtige for dig.","breadcrumb":{"@id":"https:\/\/stilladser.dk\/index.php\/mesmerize\/stilladstyper\/rullestilladser\/#breadcrumb"},"inLanguage":"da-DK","potentialAction":[{"@type":"ReadAction","target":["https:\/\/stilladser.dk\/index.php\/mesmerize\/stilladstyper\/rullestilladser\/"]}]},{"@type":"ImageObject","inLanguage":"da-DK","@id":"https:\/\/stilladser.dk\/index.php\/mesmerize\/stilladstyper\/rullestilladser\/#primaryimage","url":"https:\/\/stilladser.dk\/wp-content\/uploads\/2023\/10\/31898c4e-9a60-40ae-b560-ea902902e7c6-e1698406616259.png","contentUrl":"https:\/\/stilladser.dk\/wp-content\/uploads\/2023\/10\/31898c4e-9a60-40ae-b560-ea902902e7c6-e1698406616259.png","width":617,"height":354},{"@type":"BreadcrumbList","@id":"https:\/\/stilladser.dk\/index.php\/mesmerize\/stilladstyper\/rullestilladser\/#breadcrumb","itemListElement":[{"@type":"ListItem","position":1,"name":"Home","item":"https:\/\/stilladser.dk\/"},{"@type":"ListItem","position":2,"name":"MARS Stilladser A\/S","item":"https:\/\/stilladser.dk\/"},{"@type":"ListItem","position":3,"name":"STILLADSTYPER","item":"https:\/\/stilladser.dk\/index.php\/mesmerize\/stilladstyper\/"},{"@type":"ListItem","position":4,"name":"RULLESTILLADSER"}]},{"@type":"WebSite","@id":"https:\/\/stilladser.dk\/#website","url":"https:\/\/stilladser.dk\/","name":"MARS Stilladser A\/S","description":"Vi har gennem tiden udf\u00f8rt mange sp\u00e6ndende og varierende stilladsopgaver. Om det er allround stillads, overd\u00e6kninger eller specialopgaver, s\u00e5 kan vi klare det langt det meste! Herunder ses et udpluk af de stilladscases vi tidligere har l\u00f8st. S\u00e5 st\u00e5r I og mangler et stillads til jeres n\u00e6ste projekt, s\u00e5 har vi helt sikkert den helt rigtige l\u00f8sning til jer.","publisher":{"@id":"https:\/\/stilladser.dk\/#organization"},"potentialAction":[{"@type":"SearchAction","target":{"@type":"EntryPoint","urlTemplate":"https:\/\/stilladser.dk\/?s={search_term_string}"},"query-input":{"@type":"PropertyValueSpecification","valueRequired":true,"valueName":"search_term_string"}}],"inLanguage":"da-DK"},{"@type":"Organization","@id":"https:\/\/stilladser.dk\/#organization","name":"MARS Stilladser A\/S","url":"https:\/\/stilladser.dk\/","logo":{"@type":"ImageObject","inLanguage":"da-DK","@id":"https:\/\/stilladser.dk\/#\/schema\/logo\/image\/","url":"https:\/\/stilladser.dk\/wp-content\/uploads\/2023\/10\/Mars_Stillads_logo-kopi-5.gif","contentUrl":"https:\/\/stilladser.dk\/wp-content\/uploads\/2023\/10\/Mars_Stillads_logo-kopi-5.gif","width":150,"height":42,"caption":"MARS Stilladser A\/S"},"image":{"@id":"https:\/\/stilladser.dk\/#\/schema\/logo\/image\/"}}]}},"_links":{"self":[{"href":"https:\/\/stilladser.dk\/index.php\/wp-json\/wp\/v2\/pages\/555","targetHints":{"allow":["GET"]}}],"collection":[{"href":"https:\/\/stilladser.dk\/index.php\/wp-json\/wp\/v2\/pages"}],"about":[{"href":"https:\/\/stilladser.dk\/index.php\/wp-json\/wp\/v2\/types\/page"}],"author":[{"embeddable":true,"href":"https:\/\/stilladser.dk\/index.php\/wp-json\/wp\/v2\/users\/1"}],"replies":[{"embeddable":true,"href":"https:\/\/stilladser.dk\/index.php\/wp-json\/wp\/v2\/comments?post=555"}],"version-history":[{"count":10,"href":"https:\/\/stilladser.dk\/index.php\/wp-json\/wp\/v2\/pages\/555\/revisions"}],"predecessor-version":[{"id":1052,"href":"https:\/\/stilladser.dk\/index.php\/wp-json\/wp\/v2\/pages\/555\/revisions\/1052"}],"up":[{"embeddable":true,"href":"https:\/\/stilladser.dk\/index.php\/wp-json\/wp\/v2\/pages\/125"}],"wp:featuredmedia":[{"embeddable":true,"href":"https:\/\/stilladser.dk\/index.php\/wp-json\/wp\/v2\/media\/911"}],"wp:attachment":[{"href":"https:\/\/stilladser.dk\/index.php\/wp-json\/wp\/v2\/media?parent=555"}],"curies":[{"name":"wp","href":"https:\/\/api.w.org\/{rel}","templated":true}]}}